*m - k*m = 161. Let z = m - -352. Is z prime?
True
Suppose -3*n - 2*n = -20. Let w = -7 - -11. Suppose -2*t + n*c = -51 - 55, -t = -w*c - 47. Is t prime?
True
Suppose 10*l - 10099 - 2521 = 0. Let a = l + 109. Is a composite?
True
Let t = -10 - -12. Suppose -t*z = -z - 435. Suppose 0 = -p + 6*p - z. Is p a prime number?
False
Suppose o = 1 + 9. Let t be (10/6)/(2/(-24)). Is (2012/o)/(t/(-50)) a prime number?
True
Let t be -4 - -1 - (1 - 0 - 8). Suppose -16 - 4 = -4*j, t*j - 149 = -3*n. Is n composite?
False
Let y(w) = 5946*w**2 - 12*w + 1. Is y(3) a composite number?
False
Let n(g) be the second derivative of -g**5/4 - g**4/3 - 2*g**3/3 - 5*g**2/2 + 8*g. Is n(-6) prime?
False
Let o(i) = 9*i**2 + 17*i + 6. Is o(-8) composite?
True
Let x be 0 + (-4)/((-8)/(-6)). Let d(c) = 185*c**2 - 10. Is d(x) prime?
False
Let w(u) = 2*u**2 + 3*u - 4. Let o be w(3). Let c = 27 - o. Suppose 2*r - 3*q = -3*r + 12620, r = c*q + 2541. Is r prime?
True
Suppose -2*q + 28030 = 4*z, -27487 = -2*q - 3*z + 547. Is q a prime number?
False
Suppose -18*j = -15*j - 14487. Is j prime?
False
Let t be (-3)/3 + 0 + -12. Let r(s) be the third derivative of -19*s**4/24 + 8*s**3/3 - 34*s**2. Is r(t) a composite number?
False
Let w(m) be the third derivative of m**5/60 - m**4/12 - 5*m**3/6 + 3*m**2. Let v = 3 + 6. Is w(v) a composite number?
True
Let z(o) = 7*o**3 - 7*o**2 - 9*o + 46. Is z(5) a composite number?
False
Let x(n) = n**3 - 6*n**2 - 4*n - 1. Let t be x(6). Let d = t - -23. Is 738 + (6/3)/d a composite number?
True
Let f(v) = v**2 + 2*v - 1. Let z be f(-3). Let c be (-4)/1*z/(-2). Suppose 0 = -5*q - 0*q - 3*u + 69, -c*q + 54 = 3*u. Is q a prime number?
False
Let y(p) = -75*p + 29. Is y(-8) a prime number?
False
Let l(j) = 6*j**2 - 2*j - 8. Let g(r) = -2*r. Let t be g(3). Let f be l(t). Suppose -5*d - 2*c = -f, -d = -3*c + 4*c - 41. Is d a prime number?
False
Suppose m + m + 4 = 0. Let q be m - (-3)/1 - -190. Suppose -q = -2*t + t. Is t composite?
False
Let f = -116 + 246. Suppose -8*a = -3*a - f. Suppose c = -c + a. Is c a prime number?
True
Suppose 6*r + 31 = 133. Let z(f) = f**3 - 14*f**2 + 12*f + 30. Is z(r) a composite number?
True
Let w(n) = 3*n**2 + 2*n - 64. Let s(r) = -r**2 - r + 21. Let p(q) = -7*s(q) - 2*w(q). Let b be p(8). Let y = b + 24. Is y a composite number?
True
Let w(q) = q**3 + 16*q**2 - 16*q + 10. Let t be w(-17). Let h be (-27 - t)/(4/(-6)). Is ((-92)/12)/((-2)/h) prime?
False
Suppose 7*l - 4376 = 8*l. Let f = 7477 + l. Is f a prime number?
False
Let v(p) = -p**3 - p**2 + 3. Let b be v(0). Suppose b*n = -0*n - 6. Is n - (-1 - 16*5) prime?
True
Let q = 887 - 346. Is q composite?
False
Let g(h) = h**3 - 7*h**2 + 13*h - 1. Let r be g(6). Suppose 40*o - r*o + 1397 = 0. Is o a composite number?
True
Suppose -219611 + 60921 = -10*o. Is o composite?
True
Let f(p) = -389*p**3 + 9*p**2 + 11*p. Is f(-3) a composite number?
True
Suppose 0 = -14*b - 2*b + 7664. Is b a prime number?
True
Suppose 3*s - 5992 = -5*s. Let d = s - -590. Is d a composite number?
True
Suppose 20 = 5*y, 4*f + y - 2652 = -2*y. Suppose 5*w - f = 995. Is w a prime number?
True
Suppose -175 = 4*y - 5*y. Let n = 851 - 597. Let s = n - y. Is s a composite number?
False
Suppose 5 = 5*m - 6*m. Is (-2443)/(-1)*(m - -11 - 5) a composite number?
True
Let c = -368 + 150. Is ((6 + -7)*2)/(4/c) prime?
True
Suppose 0 = 3*z + 4*z - 171199. Suppose z - 5334 = 13*u. Is u a composite number?
False
Suppose 0 = 4*d - 10805 + 445. Suppose 5*x - d = -5*w, -3*w = x - 0*x - 520. Is x a prime number?
False
Let q(z) be the third derivative of z**6/10 - z**5/20 + z**4/6 - z**3/3 + z**2. Let j(k) = -k**3 + 2*k - 1. Let c be j(-2). Is q(c) a composite number?
False
Suppose 4*i - 273 = 2151. Suppose -940 = -2*g + i. Suppose -p - 1510 = -5*p - 2*s, -5*s - g = -2*p. Is p composite?
False
Let b = 18246 + -11893. Is b a composite number?
False
Let n be -4 + 3 - (4 - 3). Let b be (-3 - n - 1)*-1. Suppose 2*l + 4*q - 296 = -b*l, 352 = 5*l - q. Is l prime?
True
Suppose -3*b + 24 = 2*w, -3*b + 34 = 3*w - 2. Let f(o) = w - 93*o - 10*o - 6. Is f(-5) a prime number?
True
Let y = -415 + 698. Let d = 576 - y. Is d composite?
False
Let b(a) = -7*a + 83*a**2 + a + 5 - 2*a - 77*a**2. Let x be b(-4). Let w = x - 54. Is w composite?
False
Let g(v) = -107*v + 2. Suppose 85 = 3*l + 4*a, -5*l - 5*a = -4*l - 32. Let b = -30 + l. Is g(b) prime?
False
Let v(f) = 20*f**3 - 2*f**2 + f + 1. Let l be v(-2). Suppose -5*k + 5*a - 3*a = -2206, 5*k - 2185 = -5*a. Let q = k + l. Is q a prime number?
True
Let u be (158688/60)/(3/10). Suppose -4*z + z + 6 = 0, 0 = 2*j - z - u. Is j a composite number?
False
Let p(r) = r**2 + 4*r - 16. Suppose 3*g - 2*t - 45 = 0, 17 = 2*g + 2*t + t. Is p(g) a prime number?
False
Is ((-22)/66)/(1/(-50361)) a composite number?
False
Let q = 179 + 2594. Is q a composite number?
True
Suppose -8*m + 13*m - 51565 = 0. Is m a composite number?
False
Is (2*1)/((-46)/(-327589)) prime?
True
Suppose -4*g + 30 = -g. Suppose -s + 8 = -b, 2*s = -s - 2*b + 49. Let d = s + g. Is d prime?
True
Suppose 7*l - 3*l = 43580. Is l a composite number?
True
Let s(f) = 261*f**3 - 7*f**2 + 7*f - 2. Is s(5) composite?
True
Suppose 18*v = 19*v + 194. Is (-1 - 0)*(v - (0 + -3)) prime?
True
Suppose s = -n - 4*n + 6684, -2*n = -3*s + 20137. Is s composite?
False
Is ((-74)/12*2)/(7/(-27111)) a composite number?
True
Let d(v) = 2*v**2 + 16*v + 10. Let n be d(-7). Is 7244/(-16)*n + 0/1 composite?
False
Suppose 4*n - 3830 = -n + 2*b, -2*n = -2*b - 1526. Suppose 2*h = -n + 2102. Is h a composite number?
True
Let j = 5440 - -8703. Is j a composite number?
False
Suppose 3*n + 5 = 17. Suppose -11 = n*k + 3*q, 3*k + 2*q + 7 = -0*q. Let x(h) = 138*h + 1. Is x(k) prime?
True
Let s(h) be the first derivative of 7*h**3/3 + 9*h**2/2 + 13*h + 6. Is s(-10) composite?
True
Let s be ((-4)/3)/(6/(-8469)). Let v = s + -1177. Suppose -4*y + v = -227. Is y a composite number?
False
Let y = 2 + -2. Let z(n) = -n**3 - n**2 - 2*n + 55. Let r(l) = l**3 + l**2 + l - 55. Let k(f) = -3*r(f) - 2*z(f). Is k(y) prime?
False
Suppose -2*l + 84068 = 2*s, -5*s - 3*l = -9288 - 200888. Is s composite?
True
Is -2 - ((-1496132)/33 + 4/12) a prime number?
False
Suppose 25*q - 39228 = 13*q. Is q a prime number?
False
Let p(m) = 35*m**2 - 8*m - 26. Is p(-9) prime?
False
Let b(z) = 70*z**2 + z - 28. Is b(-5) a prime number?
False
Let g(o) = o**3 + 4*o**2 - 5*o + 4. Let a be g(-5). Suppose -282 = -2*u + 3*j, 2*u - 64 = -a*j + 204. Suppose -4*n + 50 = -u. Is n a prime number?
True
Suppose 0 = 2*l - 265 - 17. Let f = 358 - l. Is f a prime number?
False
Let o = 1768 + 1527. Is o a prime number?
False
Suppose -29*f = 279897 - 2242588. Is f composite?
False
Let f(v) = -v**3 + 4*v**2 - v + 6. Let k be f(4). Suppose 5*h + 7*n - 6565 = k*n, 3*n + 6581 = 5*h. Is h a prime number?
False
Let l be (1 - 0)/((-1)/543). Let m = -2025 + 1259. Let z = l - m. Is z a prime number?
True
Suppose -3*p = -2*u + 30, 4*p + 30 = -4*u + 10. Is 87 - (-5)/(10/p) composite?
False
Let a = 148 - -274. Is a a composite number?
True
Let g be (-6)/24 - (-73)/4. Let r be 18/(-81) + (-50)/g. Is (-2)/(-2)*(-30)/r prime?
False
Suppose 3*f + 9444 = -3*f. Is (f + 0)*9/(-18) a composite number?
False
Is (-6 + 129 - 2)*1 composite?
True
Let d be 2/9 + 192/108. Is (23 + -1)/(d/318*6) composite?
True
Let j(g) = -g**2 + 4*g + 3. Let i be j(4). Suppose -i*q - 2*q = 4*t - 16, -q - 1 = 5*t. Let b(r) = r**3 + 5*r**2 + r - 3. Is b(q) composite?
True
Suppose -8*t + 17*t - 93519 = 0. Is t a composite number?
False
Suppose -2*i + 24 = 5*a, 5*i = -3*a + 1 + 2. Suppose a*n + 5770 = 2*x + n, -11540 = -4*x + 5*n. Is x a composite number?
True
Suppose -68405 + 481674 = 19*v. Is v a prime number?
True
Let w = 14827 + -8810. Is w prime?
False
Let z be (130/(-7))/((-3)/21). Suppose -3*r - 133 - z = -4*t, -2*r = 4*t - 258. Is t prime?
False
Let o(p) = -4*p + 26. Let l be o(7). Is l/(30/(-6159)) + (-4)/(-10) prime?
False
Let n(u) = -u**3 - 4*u**2 + u. Let i be n(-4). Let v be 31/11 - i/22. Suppose 138 = -v*l + 1017. Is l prime?
True
Let r be ((-8)/(-10))/((-2)/(-500)). Suppose -2*g + r - 6 = 0. Is g/((4 + -2)/2) a prime number?
True
Let i(o) = 28*o - 7*o**3 + 6*o**2 + 28*o**2 + 19 - 6*o**2. Let j(u) = -3*u**3 + 14*u**2 + 14*u + 9. Let r(x) = -4*i(x) + 9